e factors of 748729987?
41, 173, 283, 373
What are the prime factors of 3929478227?
131, 29996017
List the prime factors of 15767624.
2, 37, 53269
What are the prime factors of 1559294017?
31, 61, 233, 3539
What are the prime factors of 22370590?
2, 5, 11, 47, 4327
What are the prime factors of 3800403292?
2, 7, 383, 354383
What are the prime factors of 189125239?
189125239
What are the prime factors of 182161907?
89, 173, 11831
List the prime factors of 1444731890.
2, 5, 7, 23, 897349
List the prime factors of 2827690957.
7, 13, 31073527
What are the prime factors of 195937414?
2, 23, 1511, 2819
What are the prime factors of 12069896?
2, 367, 4111
What are the prime factors of 914450103?
3, 7, 67, 30949
List the prime factors of 878941943.
11, 7263983
What are the prime factors of 1267444938?
2, 3, 211240823
What are the prime factors of 75344933?
3037, 24809
What are the prime factors of 69162565?
5, 19, 728027
What are the prime factors of 25482117?
3, 8494039
What are the prime factors of 192952467?
3, 19, 149, 7573
List the prime factors of 191318083.
11, 37, 277, 1697
What are the prime factors of 2259529260?
2, 3, 5, 229, 164449
List the prime factors of 317086862.
2, 158543431
What are the prime factors of 369668258?
2, 37, 4995517
What are the prime factors of 6409842866?
2, 7, 457845919
List the prime factors of 134460637.
4583, 29339
List the prime factors of 87905662.
2, 13, 3380987
What are the prime factors of 607794837?
3, 13, 15584483
What are the prime factors of 86501110?
2, 5, 19, 455269
What are the prime factors of 6720148376?
2, 653, 1286399
List the prime factors of 1500523449.
3, 283, 1767401
List the prime factors of 949379215.
5, 189875843
What are the prime factors of 582040215?
3, 5, 4311409
What are the prime factors of 1718035979?
11, 47, 401, 8287
What are the prime factors of 45932910?
2, 3, 5, 37, 41381
What are the prime factors of 955242201?
3, 1429, 222823
What are the prime factors of 1733902411?
653, 829, 3203
What are the prime factors of 196837942?
2, 7, 439, 32027
What are the prime factors of 4511900503?
11, 20147, 20359
What are the prime factors of 1798118945?
5, 7, 587, 12503
What are the prime factors of 4235056329?
3, 7, 4115701
What are the prime factors of 4469848046?
2, 17, 5851, 22469
List the prime factors of 34226956.
2, 8556739
What are the prime factors of 2957627956?
2, 1069, 691681
List the prime factors of 1615601894.
2, 557, 1450271
What are the prime factors of 115864247?
115864247
List the prime factors of 1666497219.
3, 113, 1151, 4271
List the prime factors of 262735103.
73, 3599111
List the prime factors of 274146811.
17, 311, 51853
What are the prime factors of 28396530?
2, 3, 5, 315517
List the prime factors of 1636894770.
2, 3, 5, 7, 7794737
What are the prime factors of 295761080?
2, 5, 31, 137, 1741
List the prime factors of 74672884.
2, 11, 13, 130547
What are the prime factors of 1038785452?
2, 29, 877, 10211
List the prime factors of 285320644.
2, 7, 19, 47, 11411
What are the prime factors of 53105160?
2, 3, 5, 23, 71, 271
List the prime factors of 5447966298.
2, 3, 541, 1678363
List the prime factors of 3372691333.
11, 306608303
What are the prime factors of 55210972?
2, 89, 155087
List the prime factors of 564462362.
2, 149, 1093, 1733
List the prime factors of 519444570.
2, 3, 5, 17314819
List the prime factors of 240127655.
5, 149, 322319
List the prime factors of 477261698.
2, 8599, 27751
List the prime factors of 18623340.
2, 3, 5, 157, 659
List the prime factors of 24150390.
2, 3, 5, 11, 6653
What are the prime factors of 273108152?
2, 53, 644123
What are the prime factors of 37725354?
2, 3, 2095853
What are the prime factors of 297023610?
2, 3, 5, 13, 23, 33113
What are the prime factors of 550796082?
2, 3, 149, 616103
List the prime factors of 74344077.
3, 17, 485909
List the prime factors of 116512263.
3, 7, 67, 3067
What are the prime factors of 743076376?
2, 7, 1895603
What are the prime factors of 3701833818?
2, 3, 29, 21274907
What are the prime factors of 61041542?
2, 31, 984541
List the prime factors of 3960974.
2, 61, 32467
List the prime factors of 48403948.
2, 167, 72461
What are the prime factors of 170168804?
2, 13, 139, 1811
List the prime factors of 40181751.
3, 19, 967
List the prime factors of 715985922.
2, 3, 119330987
What are the prime factors of 34469192?
2, 19, 41, 5531
What are the prime factors of 2321176521?
3, 269, 2876303
What are the prime factors of 36252870?
2, 3, 5, 43, 157, 179
What are the prime factors of 978972107?
431, 2271397
List the prime factors of 208921679.
31, 6739409
List the prime factors of 33234566.
2, 16617283
List the prime factors of 46562398.
2, 61, 381659
List the prime factors of 18062799.
3, 6020933
What are the prime factors of 55634265?
3, 5, 1236317
List the prime factors of 5474976753.
3, 1824992251
What are the prime factors of 149242395?
3, 5, 421, 23633
What are the prime factors of 120166255?
5, 11, 233, 9377
What are the prime factors of 157027438?
2, 19, 59, 70039
List the prime factors of 101981975.
5, 197, 20707
List the prime factors of 136040283.
3, 5038529
What are the prime factors of 206482314?
2, 3, 41, 89, 9431
List the prime factors of 1399541008.
2, 87471313
List the prime factors of 1699989811.
13, 31, 1489, 2833
List the prime factors of 310841255.
5, 37, 181, 9283
List the prime factors of 30016458.
2, 3, 17, 233, 421
What are the prime factors of 133411627?
71, 83, 22639
What are the prime factors of 1623885024?
2, 3, 43, 393383
What are the prime factors of 19732688?
2, 1039, 1187
List the prime factors of 21619583.
43, 502781
List the prime factors of 54157141.
5717, 9473
List the prime factors of 3008537508.
2, 3, 197, 1272647
What are the prime factors of 46137627?
3, 137, 12473
What are the prime factors of 696986485?
5, 13, 17, 31, 20347
What are the prime factors of 41851572?
2, 3, 7, 101, 4933
What are the prime factors of 168538266?
2, 3, 13, 409, 587
What are the prime factors of 572392875?
3, 5, 1526381
List the prime factors of 2262011990.
2, 5, 7, 43, 107357
What are the prime factors of 513945582?
2, 3, 85657597
What are the prime factors of 74355447?
3, 97, 255517
List the prime factors of 432286912.
2, 43, 157081
What are the prime factors of 628664203?
9733, 64591
What are the prime factors of 130752266?
2, 65376133
List the prime factors of 1241857505.
5, 7, 797, 44519
What are the prime factors of 166626132?
2, 3, 41, 269, 1259
List the prime factors of 2166086986.
2, 7, 6197, 24967
What are the prime factors of 1401536216?
2, 19, 9220633
List the prime factors of 21331863.
3, 7, 59, 1913
What are the prime factors of 98865266?
2, 223, 221671
What are the prime factors of 120168442?
2, 60084221
List the prime factors of 1255773710.
2, 5, 37, 709, 4787
List the prime factors of 567362462.
2, 4159, 68209
List the prime factors of 497012092.
2, 29, 97, 44171
What are the prime factors of 77223720?
2, 3, 5, 7, 149, 617
What are the prime factors of 2146437821?
11, 37, 79, 241, 277
What are the prime factors of 291833537?
659, 442843
List the prime factors of 2779127265.
3, 5, 197, 940483
What are the prime factors of 37899505?
5, 7, 53, 20431
What are the prime factors of 40456931?
23, 1758997
List the prime factors of 324836871.
3, 108278957
What are the prime factors of 68578062?
2, 3, 7, 227, 7193
What are the prime factors of 383981322?
2, 3, 59, 103, 10531
What are the prime factors of 61702192?
2, 23, 107, 1567
List the prime factors of 24194969.
24194969
List the prime factors of 912028123.
89, 10247507
What are the prime factors of 1239281856?
2, 3, 61, 3919
List the prime factors of 598456693.
598456693
List the prime factors of 541676983.
541676983
List the prime factors of 218101257.
3, 11, 29, 75967
What are the prime factors of 230265214?
2, 73, 283, 5573
List the prime factors of 2511481436.
2, 627870359
What are the prime factors of 550301566?
2, 275150783
List the prime factors of 1907253827.
31, 271, 227027
List the prime factors of 4211418525.
3, 5, 41, 59, 139, 167
What are the prime factors of 4713851795?
5, 41, 13679
List the prime factors of 3306196264.
2, 7, 59039219
List the prime factors of 178152687.
3, 23, 860641
List the prime factors of 3